1)/(-126) + (-16)/6) a composite number?
True
Suppose b + 1 = 3*s, -3*s + 43 = -5*b - 7*s. Let o = b + 11. Suppose -4*y = 3*x + x - 356, -3*x = o*y - 271. Is x a prime number?
False
Is (-4 - (1 - 4))/(4/(-5140)) prime?
False
Let t be (-8)/100*-15*(-10)/(-4). Is (-1642)/t*(-3)/2 a prime number?
True
Suppose -5*h - 10 = 10. Let a be 2/(2*h/16). Is (-4)/a + 82 + 2 a prime number?
False
Let u(c) be the second derivative of 7*c**4/12 - c**3 + 5*c**2/2 + 12*c. Is u(-6) a composite number?
False
Suppose -v = 4*g + 21 - 205, -2*v = -5*g + 243. Is g prime?
True
Suppose 0 = 4*h + 16, -3*p + 2831 = -h + 1159. Let s = p - 2. Let w = -255 + s. Is w a prime number?
False
Let i(t) = 39*t**2 + 6*t - 4. Let l be i(-6). Suppose 2*f = 6*f - l. Is f composite?
True
Suppose -o + 40727 = 3*o - t, 0 = o - 3*t - 10168. Is o a composite number?
True
Let b be (12/(-56))/(8/(-112)). Suppose 2*j = -3*l + 4978, 5*j + 3*l - 12454 = -0*j. Suppose b*v - j = -v. Is v composite?
True
Let s be 4*((-30)/8 + 2). Let y = -11 - s. Is ((-97)/y)/((-7)/(-28)) a prime number?
True
Suppose -3*j + 2*s - 11 = 0, 5*s - 9 + 1 = j. Let t(u) = -67*u - 4. Let x(b) = 33*b + 2. Let o(p) = 6*t(p) + 11*x(p). Is o(j) a prime number?
False
Suppose -j - 2 = 2*q, 13 = -4*q + 1. Suppose t = -j*t. Is 0 + 152 + (t - 3) composite?
False
Is -4 + (-138)/(-36) - 3679/(-6) a composite number?
False
Suppose -2*v = -2*r + 14, 0 = r - 2*v - 7 - 5. Let g(b) = 181*b + 15. Is g(r) a prime number?
False
Let l(a) = -7*a + 15. Let m(s) = -8*s + 7. Let z be m(5). Let w = 20 + z. Is l(w) composite?
True
Let w = 15 + -26. Let f = 5 + w. Is (-1588)/f*12/8 a prime number?
True
Let d be (-1 - (-2)/1)*29. Let a = d + -20. Is 2/a - (-1897)/9 a prime number?
True
Let v = 4 + -3. Suppose -v + 109 = 6*y. Is 1310/8 - y/24 prime?
True
Is (7032/(-60))/(-3 - 283/(-95)) prime?
False
Let q(b) be the third derivative of b**6/120 - b**5/60 + 253*b**3/6 - b**2. Is q(0) a composite number?
True
Let g(w) = -w**3 + w**2 - 1. Let v be -4 + -3 + 6 - 0. Let u be g(v). Is 4670/20*(1 + u) prime?
True
Suppose -5*w + t = -53, -3*w + 28 = -w + 3*t. Let h(i) = -i**3 + 11*i**2 + i + 14. Is h(w) a prime number?
False
Let a(z) be the third derivative of 71*z**7/1260 + z**5/120 - z**4/24 - 5*z**2. Let u(p) be the second derivative of a(p). Is u(-1) composite?
True
Let a = -1 + 1. Let x = -1283 + 1785. Suppose -8*j + 10*j - x = a. Is j prime?
True
Suppose -4*s = -4 - 8. Let y(o) = 4*o - 7. Let j be y(s). Suppose r - 394 = -2*a + j*r, -5*r = -a + 185. Is a composite?
True
Let l = 454 + 3629. Is l a composite number?
True
Let d(z) = -21*z**2 - z + 2. Let l be d(1). Let o be (16/l)/((-2)/5). Is 21518/28 + 1/o composite?
False
Let x(d) = -d**2 + 4*d + 1. Let t be x(3). Suppose 4*v + b = 2017, -3*v - t*b + 2535 = 2*v. Is v a prime number?
True
Is 6 - ((-28856)/4 + 3) a prime number?
False
Let k = 27081 + -13768. Is k a composite number?
False
Let s(r) = -3*r - 31. Let f be s(-12). Suppose -g + 1168 = 3*i, 2*g - 6*g = f*i - 1935. Is i a composite number?
True
Let r(k) = -5*k**3 - 4 + 4*k + 3*k**3 - 3*k**2 + k**3. Let p be r(-4). Is p/20 - 342/(-10) prime?
False
Suppose -129474 = -4*g - 3*o, -3*g + 4*o - 21031 = -118124. Is g prime?
False
Let r(l) = 3*l + 32. Let t(y) = -5*y - 48. Let u(q) = 8*r(q) + 5*t(q). Is u(5) prime?
True
Let p(y) = 15*y**3 + 2*y**2. Let c be p(3). Let g = c - 158. Is g a prime number?
False
Suppose 2*v - 4*u + 12 = 0, v = -3*v - u + 12. Let f be v/(-6) + (-152)/(-24). Suppose 0 = f*b - 11*b + 1675. Is b composite?
True
Let k be (-183)/(1/(-1)) - -1. Suppose -4*p + k = -2*p + 2*a, a + 442 = 5*p. Suppose r - p = -0*r. Is r composite?
False
Let h(n) = -543*n - 29. Suppose -9*m + 21 = 75. Is h(m) composite?
False
Let y(f) be the first derivative of -87*f**4/4 + f**2/2 + f + 44. Suppose 4*s + 6 = k, 0*s + 13 = -5*s + 4*k. Is y(s) prime?
False
Suppose 4*t - 4*n = 160, 3*n = -t - n + 35. Suppose -4*b = -5*j - 655 + t, 2*b = -4*j + 282. Is b prime?
True
Is 1208 + 8 + -2 + -7 a prime number?
False
Let u = 7 - 23. Let o = -16 - u. Suppose 0 = 3*l + 2*w - 259, -3*l - l - 4*w + 340 = o. Is l prime?
True
Suppose 389704 = -2*f + 58*f. Is f a composite number?
False
Suppose 2930 = 4*v + 3*y - 5*y, 0 = 5*v - 5*y - 3670. Is v composite?
True
Let m be (-774)/(-10) - 14/35. Suppose -o = 3*v - 28, 2*o - v - m = -0*v. Suppose 9*y - 8*y - o = 0. Is y a composite number?
False
Let k = 12758 + -4041. Is k composite?
True
Suppose -6*g - 21 = -159. Suppose g*c = 27*c - 1636. Is c a composite number?
False
Let s(v) = v**2 - 2*v - 11. Let c be s(4). Is (-4529)/c + 20/15 a composite number?
False
Let x(u) = -u**2 - 7*u + 6. Let d be x(-7). Suppose 0*a = 2*a - d. Suppose a*o - o = 3*z + 254, 2*o - 254 = -3*z. Is o prime?
True
Let l(r) = -213*r**3 - r**2 - 20 - 321*r**3 + 50 - 29 - r. Is l(-1) a prime number?
False
Let v(h) = 73*h**2 + 3*h - 26. Is v(5) a composite number?
True
Suppose v - 2*v = -188. Let r be (2/4)/(3/(-702)). Let j = r + v. Is j a composite number?
False
Let h = -616 + 1186. Suppose -h = -4*q - q. Suppose 3*p - 1221 = q. Is p composite?
True
Let g = 6105 + -3602. Is g a prime number?
True
Let p be (4/(-10))/2 + (-52)/(-10). Suppose p*v = -0*v + 2*j + 947, v - 5*j = 171. Is v composite?
False
Let k(i) = -i**3 + 3*i**2 + 4*i. Let w be k(4). Is (-1 + 1915)/6*(w - -1) prime?
False
Let s be ((-356)/3)/((-8)/12). Suppose s = 2*u - 632. Let h = u - 218. Is h a prime number?
False
Suppose -5 = -2*q + 5*q - 5*i, -4*i + 4 = 3*q. Suppose 4*j + 3*w - 1328 = q, 5*j + 4*w - 2*w - 1667 = 0. Is j prime?
False
Let n = 2492 + -393. Is n a composite number?
False
Suppose -4*x = -2*x - 22. Suppose -5*h + 9 = -x. Suppose 798 = 3*u - u + h*g, 4*u - 1586 = 2*g. Is u composite?
False
Suppose 3147 + 2423 = 5*y. Is y a composite number?
True
Let u be (-304)/(-30) - (-2)/(-15). Suppose x - u = -0*x. Is x prime?
False
Suppose 0*c = -3*c - 24. Let x = c + 10. Is 4641/52 + x/(-8) a composite number?
False
Let j(n) = 18*n**3 - 8*n**2 - 10*n + 14. Let f be j(7). Suppose 0 = -7*u + 5*u + f. Is u a prime number?
False
Suppose -27946 = -26*x + 25120. Is x prime?
False
Suppose 4*i - 36776 + 8541 = -5*v, -2*v = 4*i - 28238. Is 1/(i/(-2354) + 3) a composite number?
True
Let c = -41776 + 59423. Is c composite?
True
Suppose -z + 1381 = 3525. Is (z/80)/(4/(-10)) a prime number?
True
Let f(a) = 2*a**2 - 15*a - 3. Let v be f(8). Suppose -3595 = -0*j - v*j. Is j composite?
False
Let x = -114 - -90. Let h = -10 - x. Is h prime?
False
Suppose 93930 = 7*n - 48331. Is n a composite number?
False
Let r(x) = x**3 - 11*x**2 - 12*x + 3. Let i be r(12). Suppose 0 = -0*o - o + i. Suppose o*t - 266 = t + 4*h, 2*t + 4*h = 298. Is t prime?
False
Let l = -7 - -19. Suppose 0 = -4*g + l + 8, -h = -5*g + 7. Suppose -24 = -5*b - 2*a, 3*b + 4*a - h = a. Is b composite?
True
Let c(q) = 969*q**2 + q - 1. Let o = -35 - -34. Is c(o) a prime number?
True
Suppose 0 = 4*t - 0*t - 5*v - 1175, 0 = v - 1. Let h = 990 - t. Suppose 81 - h = -2*r. Is r prime?
True
Let f(i) = i**3 - 7*i**2 - 6*i + 2. Let b be f(5). Let q = b + 145. Is (-2)/(8/(-4))*q prime?
True
Suppose -8*a + 37824 = 4*a. Let q = a + -1383. Is q prime?
False
Suppose -5*f - i + 2 = -4*f, 0 = 5*f - i - 28. Is (1950 - 15/5) + (1 - f) prime?
False
Suppose -6*z + 14 = -16. Is (2676/20)/(1/z) a prime number?
False
Let a be ((-4)/6)/(8/(-36)). Suppose 2*n + 0*n = 3*r - 1, a*r + 7 = 4*n. Suppose r*s + 0*s = c - 101, 2*c + 5*s - 180 = 0. Is c composite?
True
Suppose 308511 - 58822 = 11*q. Is q prime?
True
Let m = -2586 - -9023. Is m a composite number?
True
Suppose 3*f - 104 = -839. Let u = f + 858. Is u a prime number?
True
Is -2819*(10/(-10))/1 prime?
True
Let t be (3/2)/(15/10). Suppose x = w - x - t, -5*x = -2*w. Suppose -4*m = -w*a - 66 - 384, -3*m + 3*a = -339. Is m a prime number?
False
Let c(j) = 11734*j**2 - 35*j + 36. Is c(1) composite?
True
Let b(a) = 53042*a**2 - 9*a - 19. Is b(-2) composite?
False
Suppose 103474 = 9*x - 94769. Is x composite?
False
Suppose 0 = -175*x + 160*x + 182955. Is x prime?
True
Is (65/(-130))/((-1)/27490) a composite number?
True
Is 2441 - (-3 + (0 - 2)) a composite number?
True
Let j be (4 + -3)/1*2. Suppose j*y - 3*o - 3407 = 0, 8545 = 2*y + 3*y - 2*o. Is y prime?
False
Let r(l) = -20*l**3 - 2*l**2 - 6*l + 4. Let f be r(-3